5412 and 242064.
492
Calculate the greatest common factor of 616132 and 2.
2
What is the highest common divisor of 5729 and 51?
17
Calculate the greatest common divisor of 22282 and 78.
26
What is the highest common divisor of 84 and 120162?
42
Calculate the highest common factor of 574 and 182.
14
What is the highest common factor of 272952 and 153?
153
What is the highest common factor of 928 and 15152?
16
Calculate the highest common divisor of 498 and 846434.
166
What is the greatest common factor of 12 and 141084?
12
Calculate the greatest common factor of 4996221 and 23.
23
What is the greatest common divisor of 8890 and 875?
35
Calculate the highest common divisor of 40661 and 62384.
557
Calculate the highest common divisor of 1026 and 3422223.
513
What is the greatest common factor of 738 and 63?
9
What is the greatest common divisor of 446954 and 597?
199
What is the highest common factor of 54 and 170127?
27
What is the greatest common divisor of 972 and 1752?
12
What is the highest common factor of 5670 and 6912?
54
Calculate the greatest common divisor of 715 and 18799.
11
Calculate the highest common factor of 166124 and 714.
238
Calculate the greatest common divisor of 580 and 17197.
29
What is the highest common divisor of 1560 and 55185?
195
What is the greatest common divisor of 92310 and 85?
85
Calculate the greatest common factor of 30 and 727080.
30
Calculate the highest common divisor of 49538 and 634406.
1598
What is the greatest common factor of 30141 and 531?
9
Calculate the greatest common factor of 1240 and 3386440.
1240
Calculate the highest common divisor of 5922 and 692216.
658
What is the highest common factor of 106 and 689053?
53
Calculate the highest common divisor of 283811 and 55.
11
What is the greatest common factor of 1834581 and 1393?
1393
What is the highest common factor of 45 and 1352850?
15
Calculate the highest common divisor of 506049 and 94.
47
Calculate the highest common factor of 690 and 5930.
10
Calculate the greatest common factor of 7 and 14246.
1
Calculate the highest common divisor of 12340 and 8.
4
What is the highest common divisor of 5344 and 25824?
32
What is the highest common factor of 25 and 915575?
25
Calculate the highest common divisor of 304256 and 4.
4
Calculate the highest common factor of 196 and 10276.
28
What is the highest common divisor of 51 and 2391?
3
Calculate the highest common divisor of 636637 and 13456.
841
What is the greatest common divisor of 103653 and 891?
297
Calculate the highest common divisor of 8502 and 273.
39
What is the greatest common factor of 1972 and 8636?
68
Calculate the greatest common divisor of 1553912 and 72.
8
Calculate the greatest common factor of 550 and 229482.
22
Calculate the greatest common divisor of 10521 and 42.
21
Calculate the greatest common divisor of 1041892 and 820.
164
What is the highest common divisor of 785 and 5652?
157
Calculate the greatest common divisor of 56 and 1508856.
8
What is the greatest common factor of 31 and 244063?
31
Calculate the greatest common divisor of 770 and 51898.
154
Calculate the greatest common factor of 2276080 and 345.
115
What is the highest common divisor of 419433 and 14?
7
What is the greatest common divisor of 110 and 32230?
110
What is the greatest common factor of 20026 and 76?
38
Calculate the highest common divisor of 1048 and 688.
8
Calculate the greatest common divisor of 17622 and 693.
99
What is the greatest common divisor of 844 and 120481?
211
Calculate the greatest common divisor of 462 and 220374.
462
What is the highest common factor of 252 and 1449?
63
Calculate the highest common factor of 3537 and 86329.
131
Calculate the greatest common factor of 4018 and 70.
14
Calculate the highest common factor of 101672 and 16.
8
What is the greatest common factor of 41130 and 270?
90
Calculate the greatest common factor of 330 and 15630.
30
What is the highest common factor of 23351 and 608?
19
Calculate the greatest common divisor of 1392845 and 940.
235
What is the highest common factor of 1720501 and 853?
853
What is the greatest common divisor of 274336 and 672?
32
Calculate the greatest common divisor of 226619 and 46.
23
What is the greatest common divisor of 47587 and 161?
23
What is the greatest common divisor of 121 and 211387?
121
Calculate the highest common factor of 506 and 20884.
46
What is the highest common divisor of 1440 and 7680?
480
Calculate the highest common divisor of 56912 and 24.
8
What is the highest common factor of 1044 and 17284?
116
Calculate the highest common factor of 11845 and 1955.
115
Calculate the greatest common factor of 7938 and 78351.
147
What is the highest common factor of 25137 and 24339?
399
What is the greatest common divisor of 12 and 44580?
12
Calculate the highest common factor of 4921 and 209013.
259
Calculate the greatest common factor of 21275 and 31441.
23
What is the greatest common factor of 429919 and 14?
7
Calculate the highest common factor of 1520 and 84740.
380
What is the highest common divisor of 3662 and 452?
2
What is the greatest common factor of 375 and 3735?
15
What is the highest common divisor of 96980 and 390?
130
What is the greatest common divisor of 65 and 21835?
5
What is the greatest common divisor of 8 and 844?
4
What is the greatest common divisor of 143037 and 207?
207
Calculate the greatest common factor of 147 and 54789.
21
Calculate the highest common divisor of 576 and 2763.
9
What is the highest common divisor of 352 and 58102?
22
What is the greatest common factor of 47712 and 688?
16
Calculate the greatest common divisor of 156043 and 136.
17
What is the greatest common factor of 19589 and 779?
19
Calculate the highest common divisor of 45839 and 92.
23
Calculate the greatest common factor of 59212 and 2260.
452
What is the highest common factor of 47763 and 976?
61
Calculate the greatest common divisor of 1106 and 700.
14
What is the greatest common factor of 37314 and 1962?
18
What is the greatest common factor of 24 and 42852?
12
Calculate the greatest common factor of 450851 and 2318.
1159
What is the greatest common divisor of 52509 and 69?
69
Calculate the highest common factor of 6018 and 306.
102
What is the highest common divisor of 116 and 4552?
4
Calculate the greatest common factor of 835692 and 99.
33
Calculate the greatest common factor of 402 and 721255.
67
What is the highest common factor of 350405 and 35?
5
Calculate the highest common factor of 10 and 10505.
5
What is the greatest common factor of 172 and 316996?
172
What is the greatest common divisor of 44288 and 2048?
256
Calculate the highest common divisor of 5723 and 1164.
97
Calculate the greatest common divisor of 337700 and 14736.
1228
What is the highest common divisor of 202 and 4558938?
202
Calculate the highest common factor of 1079 and 3840161.
1079
Calculate the highest common divisor of 304 and 1375752.
152
Calculate the highest common factor of 66690 and 845.
65
What is the greatest common divisor of 48 and 702096?
48
Calculate the highest common factor of 32 and 6712.
8
What is the greatest common divisor of 13 and 48282?
13
Calculate the highest common factor of 17036 and 16.
4
Calculate the highest common divisor of 52 and 6172.
4
Calculate the highest common factor of 81896 and 870.
58
What is the greatest common factor of 1191 and 99250?
397
What is the greatest common divisor of 5264 and 994?
14
Calculate the greatest common divisor of 180 and 1103580.
180
What is the highest common factor of 12287496 and 312?
312
What is the greatest common divisor of 140 and 44765?
35
What is the highest common divisor of 2575 and 14832?
103
What is the highest common factor of 3057456 and 192?
48
Calculate the greatest common factor of 6870 and 390.
30
What is the greatest common divisor of 2981 and 29227?
11
What is the greatest common factor of 62908 and 56?
4
Calculate the highest common divisor of 61896 and 54.
6
Calculate the highest common factor of 5356 and 6994.
26
What is the greatest common divisor of 602 and 880468?
86
What is the highest common factor of 380 and 2033?
19
What is the greatest common divisor of 752 and 152374?
94
What is the highest common factor of 32875 and 625?
125
What is the highest c